{"id":615,"date":"2022-03-18T05:39:05","date_gmt":"2022-03-18T05:39:05","guid":{"rendered":"http:\/\/kiante.wowtheme7.com\/?page_id=615"},"modified":"2026-04-28T11:40:24","modified_gmt":"2026-04-28T17:40:24","slug":"home-one","status":"publish","type":"page","link":"https:\/\/lesp.ses-gro.gob.mx\/","title":{"rendered":"P\u00e1gina Principal"},"content":{"rendered":"\t\t<div data-elementor-type=\"wp-page\" data-elementor-id=\"615\" class=\"elementor elementor-615\">\n\t\t\t\t<div class=\"elementor-element elementor-element-2f24706 e-con-full e-flex e-con e-parent\" data-id=\"2f24706\" data-element_type=\"container\">\n\t\t\t\t<\/div>\n\t\t<div class=\"elementor-element elementor-element-c57f4c0 e-flex e-con-boxed e-con e-parent\" data-id=\"c57f4c0\" data-element_type=\"container\">\n\t\t\t\t\t<div class=\"e-con-inner\">\n\t\t\t\t\t<\/div>\n\t\t\t\t<\/div>\n\t\t\t\t<section class=\"elementor-section elementor-top-section elementor-element elementor-element-f038787 elementor-section-boxed elementor-section-height-default elementor-section-height-default\" data-id=\"f038787\" data-element_type=\"section\">\n\t\t\t\t\t\t<div class=\"elementor-container elementor-column-gap-default\">\n\t\t\t\t\t<div class=\"elementor-column elementor-col-100 elementor-top-column elementor-element elementor-element-da2f700 three-col-wrap\" data-id=\"da2f700\" data-element_type=\"column\">\n\t\t\t<div class=\"elementor-widget-wrap elementor-element-populated\">\n\t\t\t\t\t\t<div class=\"elementor-element elementor-element-e99a3ff elementor-widget elementor-widget-heading\" data-id=\"e99a3ff\" data-element_type=\"widget\" data-widget_type=\"heading.default\">\n\t\t\t\t<div class=\"elementor-widget-container\">\n\t\t\t\t\t<h2 class=\"elementor-heading-title elementor-size-default\"><h1><span>Antecedentes<\/span><\/h1><\/h2>\t\t\t\t<\/div>\n\t\t\t\t<\/div>\n\t\t\t\t<div class=\"elementor-element elementor-element-0ada007 elementor-widget elementor-widget-text-editor\" data-id=\"0ada007\" data-element_type=\"widget\" data-widget_type=\"text-editor.default\">\n\t\t\t\t<div class=\"elementor-widget-container\">\n\t\t\t\t\t\t\t\t\t<p style=\"text-align: justify;\">El 7 de diciembre de 1984, la Oficial\u00eda Mayor de la Secretaria de Salubridad y Asistencia, hizo la entrega de las Instalaciones del Laboratorio Estatal de Salud P\u00fablica \u201cDr. Galo Sober\u00f3n y Parra\u201d (LESP), ubicado en Ciudad Renacimiento, Municipio de Acapulco de Ju\u00e1rez, Gro.<\/p><p style=\"text-align: justify;\">El LESP forma parte de la Secretaria de Salud del Gobierno del Estado Libre y Soberano de Guerrero (SSA-Gro). En la estructura organizacional de los Servicios Estatales de Salud, el LESP se encuentra entre las unidades que dependen del Secretario de Salud.<\/p><p style=\"text-align: justify;\">Se ha dado la conformaci\u00f3n del comit\u00e9 de la alta direcci\u00f3n, la cual dentro de sus funciones es la proyecci\u00f3n de metas y evaluaci\u00f3n de las acciones generadas para ello, en un buen funcionamiento y el cumplimiento de sus funciones sustantivas, bajo la vigilancia y supervisi\u00f3n operativa del Secretario de Salud.<\/p><p style=\"text-align: justify;\">Para el funcionamiento del LESP, se cuenta con aviso de funcionamiento y aviso de responsable sanitario a nombre de un integrante del \u00e1rea de Gobierno, esto para responder en su caso, ante la autoridad sanitaria correspondiente.<\/p><p style=\"text-align: justify;\">En virtud de que los servicios anal\u00edticos para el control sanitario de bienes y servicios deben contar con reconocimiento oficial, el LESP cuenta con Autorizaci\u00f3n por parte de la COFEPRIS como Tercero Autorizado Auxiliar como Laboratorio de Prueba.<\/p><p style=\"text-align: justify;\">El LESP se ubica en: Boulevard Vicente Guerrero Esq. Juan R. Escudero S\/N, Col. Cd. Renacimiento. C.P. 39715, Acapulco, Gro. Tel\u00e9fonos: (01-744) 441-85-02, 441-52-57; Fax: 41-40-90; Correo electr\u00f3nico:.<\/p><p style=\"text-align: justify;\">La organizaci\u00f3n interna del LESP se describe en el manual de organizaci\u00f3n (DI-M-001) que forma parte de la documentaci\u00f3n del Sistema de Gesti\u00f3n de la Calidad (SGC) interno.<\/p><p style=\"text-align: justify;\">El Laboratorio Estatal de Salud P\u00fablica \u201cDr. Galo Sober\u00f3n y Parra\u201d de Acapulco, Gro. M\u00e9xico (LESP), inicia operaciones el 1\u00ba de octubre de 1984 y fue creado como parte de una Red Nacional de Laboratorios (RNLSP) para dar cobertura de servicios anal\u00edticos para la vigilancia sanitaria y epidemiol\u00f3gica en todo el pa\u00eds.<\/p><p style=\"text-align: justify;\">Actualmente la Red Nacional de Laboratorios de Salud P\u00fablica, se integra con Comisi\u00f3n de Control Anal\u00edtico y Ampliaci\u00f3n de Cobertura (CCAyAC) perteneciente al Sistema Federal Sanitario de la COFEPRIS y con el Instituto de Diagn\u00f3stico y Referencia Epidemiol\u00f3gicos (Indre) perteneciente a la Direcci\u00f3n General de Epidemiologia.<\/p><p style=\"text-align: justify;\">El primer antecedente de reconocimiento de su competencia t\u00e9cnica es en 1988, cuando recibe de la Food and Drug Administration (FDA) y la Secretar\u00eda de Salud Federal (SSA), el primer Certificado de Calidad para la realizaci\u00f3n de las t\u00e9cnicas microbiol\u00f3gicas del \u201cn\u00famero m\u00e1s probable\u201d por tubos m\u00faltiples en producto (Anexo 1), en apoyo al programa mexicano de sanidad de Moluscos Bivalvos y que es efectuada en el Laboratorio de Microbiolog\u00eda de Alimentos. En 1991 se obtuvo el certificado de la Calidad para el Laboratorio de Toxicolog\u00eda Ambiental y su personal en la t\u00e9cnica \u201cBioensayo en rat\u00f3n\u201d este certificado se otorg\u00f3 por la FDA en 1993. Repite la certificaci\u00f3n, ahora denominada \u201cProcedimiento Estandarizado de Bioensayo en rat\u00f3n para determinaci\u00f3n de veneno paralizante en Moluscos Bivalvos\u201d, ratificada en 1994 y 1997. Adem\u00e1s, se han tenido supervisiones y asesoramientos por parte de la Comisi\u00f3n de Control Anal\u00edtico y Ampliaci\u00f3n de Cobertura (CCAYAC) en el \u00e1rea Sanitaria y del Instituto de Diagn\u00f3stico y Referencia Epidemiol\u00f3gicos (InDRE), en el \u00e1rea epidemiol\u00f3gica. Dando seguimiento a las recomendaciones a fin de obtener la autorizaci\u00f3n de las t\u00e9cnicas que se realizan en dichas \u00e1reas.<\/p><p style=\"text-align: justify;\">El LESP debe aplicar las Normas Oficiales Mexicanas, que establecen los m\u00e9todos de prueba que se requieren para los servicios anal\u00edticos que presta, as\u00ed tambi\u00e9n las normas voluntarias (NMX, ISO). En cumplimiento de estas normas, estamos obligados en implantar un Sistema de Gesti\u00f3n de la Calidad que garantice y asegure la confiabilidad de los resultados que se generen en el LESP.<\/p><p style=\"text-align: justify;\">El presente Manual establece las pol\u00edticas mediante las cuales se asegura la calidad de los servicios que ofrece el LESP y describe su Sistema de Gesti\u00f3n de la Calidad (SGC). El Manual tiene su fundamento en las normas aplicables a cada uno de los procesos, as\u00ed como en las: NMX Sistemas de gesti\u00f3n de la calidad.- Requisitos, NMX-EC-15189- Laboratorios cl\u00ednicos \u2013 Requisitos particulares para la calidad y la competencia. NMX-EC-17025- Requisitos Generales para la Competencia de los Laboratorios de Ensayo y de Calibraci\u00f3n vigentes en el momento de su revisi\u00f3n.<\/p>\t\t\t\t\t\t\t\t<\/div>\n\t\t\t\t<\/div>\n\t\t\t\t<div class=\"elementor-element elementor-element-ceeffb9 elementor-widget elementor-widget-heading\" data-id=\"ceeffb9\" data-element_type=\"widget\" data-widget_type=\"heading.default\">\n\t\t\t\t<div class=\"elementor-widget-container\">\n\t\t\t\t\t<h2 class=\"elementor-heading-title elementor-size-default\">Ubicaci\u00f3n<\/h2>\t\t\t\t<\/div>\n\t\t\t\t<\/div>\n\t\t\t\t\t<\/div>\n\t\t<\/div>\n\t\t\t\t\t<\/div>\n\t\t<\/section>\n\t\t<div class=\"elementor-element elementor-element-b3e6f9a e-flex e-con-boxed e-con e-parent\" data-id=\"b3e6f9a\" data-element_type=\"container\">\n\t\t\t\t\t<div class=\"e-con-inner\">\n\t\t\t\t<div class=\"elementor-element elementor-element-b5af671 elementor-widget elementor-widget-text-editor\" data-id=\"b5af671\" data-element_type=\"widget\" data-widget_type=\"text-editor.default\">\n\t\t\t\t<div class=\"elementor-widget-container\">\n\t\t\t\t\t\t\t\t\t<p style=\"text-align: justify;\">\nBoulevard Vicente Guerrero Esq. Juan R. Escudero S\/N, Col. Cd. Renacimiento. C.P. 39715, Acapulco, Gro. Tel\u00e9fonos: (01-744) 441-85-02, 441-52-57; Fax: 41-40-90;<\/p>\t\t\t\t\t\t\t\t<\/div>\n\t\t\t\t<\/div>\n\t\t\t\t\t<\/div>\n\t\t\t\t<\/div>\n\t\t<div class=\"elementor-element elementor-element-b627cc1 e-flex e-con-boxed e-con e-parent\" data-id=\"b627cc1\" data-element_type=\"container\">\n\t\t\t\t\t<div class=\"e-con-inner\">\n\t\t\t\t<div class=\"elementor-element elementor-element-d23a629 elementor-widget elementor-widget-text-editor\" data-id=\"d23a629\" data-element_type=\"widget\" data-widget_type=\"text-editor.default\">\n\t\t\t\t<div class=\"elementor-widget-container\">\n\t\t\t\t\t\t\t\t\t<iframe src=\"https:\/\/www.google.com\/maps\/d\/embed?mid=1-Aavl7EojRfKRsIcBh3xaUIBbYc&amp;ehbc=2E312F\" width=\"640\" height=\"480\"><span data-mce-type=\"bookmark\" style=\"display: inline-block; width: 0px; overflow: hidden; line-height: 0;\" class=\"mce_SELRES_start\">\ufeff<\/span><\/iframe>\t\t\t\t\t\t\t\t<\/div>\n\t\t\t\t<\/div>\n\t\t\t\t\t<\/div>\n\t\t\t\t<\/div>\n\t\t<div class=\"elementor-element elementor-element-98f1540 e-con-full e-flex e-con e-parent\" data-id=\"98f1540\" data-element_type=\"container\">\n\t\t\t\t<div class=\"elementor-element elementor-element-0f07d0a elementor-widget elementor-widget-image\" data-id=\"0f07d0a\" data-element_type=\"widget\" data-widget_type=\"image.default\">\n\t\t\t\t<div class=\"elementor-widget-container\">\n\t\t\t\t\t\t\t\t\t\t\t\t\t\t\t\t<a href=\"https:\/\/docs.google.com\/forms\/d\/e\/1FAIpQLSdQuP_ryXm-nm52Fqt5YB1cFbKjyxQHZLKppI5uzG5B8vB2kA\/viewform\">\n\t\t\t\t\t\t\t<img fetchpriority=\"high\" decoding=\"async\" width=\"815\" height=\"147\" src=\"https:\/\/lesp.ses-gro.gob.mx\/wp-content\/uploads\/2026\/04\/enlacecartelvs.jpg\" class=\"attachment-full size-full wp-image-999956935\" alt=\"\" srcset=\"https:\/\/lesp.ses-gro.gob.mx\/wp-content\/uploads\/2026\/04\/enlacecartelvs.jpg 815w, https:\/\/lesp.ses-gro.gob.mx\/wp-content\/uploads\/2026\/04\/enlacecartelvs-300x54.jpg 300w, https:\/\/lesp.ses-gro.gob.mx\/wp-content\/uploads\/2026\/04\/enlacecartelvs-768x139.jpg 768w\" sizes=\"(max-width: 815px) 100vw, 815px\" \/>\t\t\t\t\t\t\t\t<\/a>\n\t\t\t\t\t\t\t\t\t\t\t\t\t\t\t<\/div>\n\t\t\t\t<\/div>\n\t\t\t\t<\/div>\n\t\t\t\t<\/div>\n\t\t","protected":false},"excerpt":{"rendered":"<p>Antecedentes El 7 de diciembre de 1984, la Oficial\u00eda Mayor de la Secretaria de Salubridad y Asistencia, hizo la entrega de las Instalaciones del Laboratorio Estatal de Salud P\u00fablica \u201cDr. Galo Sober\u00f3n y Parra\u201d (LESP), ubicado en Ciudad Renacimiento, Municipio de Acapulco de Ju\u00e1rez, Gro. El LESP forma parte de la Secretaria de Salud del [&hellip;]<\/p>\n","protected":false},"author":1,"featured_media":0,"parent":0,"menu_order":0,"comment_status":"closed","ping_status":"closed","template":"","meta":{"footnotes":""},"class_list":["post-615","page","type-page","status-publish","hentry"],"_links":{"self":[{"href":"https:\/\/lesp.ses-gro.gob.mx\/index.php?rest_route=\/wp\/v2\/pages\/615","targetHints":{"allow":["GET"]}}],"collection":[{"href":"https:\/\/lesp.ses-gro.gob.mx\/index.php?rest_route=\/wp\/v2\/pages"}],"about":[{"href":"https:\/\/lesp.ses-gro.gob.mx\/index.php?rest_route=\/wp\/v2\/types\/page"}],"author":[{"embeddable":true,"href":"https:\/\/lesp.ses-gro.gob.mx\/index.php?rest_route=\/wp\/v2\/users\/1"}],"replies":[{"embeddable":true,"href":"https:\/\/lesp.ses-gro.gob.mx\/index.php?rest_route=%2Fwp%2Fv2%2Fcomments&post=615"}],"version-history":[{"count":60,"href":"https:\/\/lesp.ses-gro.gob.mx\/index.php?rest_route=\/wp\/v2\/pages\/615\/revisions"}],"predecessor-version":[{"id":999956941,"href":"https:\/\/lesp.ses-gro.gob.mx\/index.php?rest_route=\/wp\/v2\/pages\/615\/revisions\/999956941"}],"wp:attachment":[{"href":"https:\/\/lesp.ses-gro.gob.mx\/index.php?rest_route=%2Fwp%2Fv2%2Fmedia&parent=615"}],"curies":[{"name":"wp","href":"https:\/\/api.w.org\/{rel}","templated":true}]}}